 l(d) be the second derivative of 7*d**4/12 - 3*d**3/2 + 6*d**2 - d. Let h(o) = 4*o**2 - 4*o + 6. Let j(s) = 5*h(s) - 3*l(s). Calculate j(5).
4
Let c(m) = 3*m + 6. Let r(t) = 7*t + 13. Let a = 2 + 3. Let d(y) = a*c(y) - 2*r(y). Give d(0).
4
Let r = 1 + 9. Suppose 0*z = 5*z - r. Let b(f) = -3*f + 1. Give b(z).
-5
Let i(t) = -6*t + 4. Let c(k) = k - 1. Let a(n) = 14*c(n) + 3*i(n). Let w be -4 - -3 - 5*-1. Suppose s - 9 = 3*p, -p = -0*p + w. Determine a(s).
10
Let w(j) = 3*j - 1. Suppose o - 2 = -4*x - 8, -o + 4*x = -10. Let c be w(o). Let t(l) = -3 - 2 + 0*l + c*l - l - l**2. Calculate t(5).
-10
Let s = -54 + 48. Let k(h) = h**2 + 3*h - 1. Give k(s).
17
Let f(y) = -y**2 - y + 1. Let c(t) = -1. Let d(h) = -c(h) + f(h). Let w(m) = m**2 + 2*m - 3. Let x(a) = 4*d(a) + 3*w(a). Give x(4).
-9
Let g(y) = -y**3 + 5*y**2 - 2*y - 3. Let o be 1/(3 - (-68)/(-24)). Let x = -3 + o. What is g(x)?
9
Let q(u) be the second derivative of u**3/3 - 4*u**2 - 20*u. What is q(6)?
4
Let u(o) = 2*o**3 + 3*o**2. Let x(v) = -3*v**3 - 2*v**2 - 1. Let r(f) = -4*u(f) - 3*x(f). Give r(6).
3
Let b(h) = h**2 + 4*h - 2. Suppose 2*z + 12 = 4. Give b(z).
-2
Let p(d) be the second derivative of -d**6/360 + d**5/24 - d**4/4 - d**3/3 - 2*d. Let o(h) be the second derivative of p(h). What is o(4)?
-2
Let z(f) = -f - 6. Let c be z(-9). Suppose 4*q - c*u = q + 9, -2*q - u = -3. Let t(m) = -3*m**2 + 3*m - 3. Determine t(q).
-9
Let k(g) = 3*g + 6. Let s(p) = 3*p + 7. Let r(o) = -4*k(o) + 3*s(o). Suppose 0 = -2*x + 5*d - 6, -x - 3*d - 12 = 3*x. Give r(x).
6
Let j(t) = 8*t - 3. Let g(q) = -4*q + 2. Let d(f) = -5*g(f) - 3*j(f). What is d(1)?
-5
Let s(i) = 3*i. Let t(d) = d**2 - 7. Let g(m) = -m. Let x(u) = 3*g(u) + t(u). Let h be x(5). Determine s(h).
9
Let h(g) = g**2 - g. Let k(y) be the third derivative of y**5/20 + 2*y**3/3 - y**2. Let z(i) = 4*h(i) - k(i). Let u be 2/2 - 4/(-2). Calculate z(u).
-7
Let j(h) = 8*h**2 - 8*h + 7. Let w(i) = i**2 - i + 1. Let b(x) = j(x) - 6*w(x). Let a be b(2). Let t(v) = v + 0*v**2 + 0 - v**2 + a. Calculate t(4).
-7
Let h(t) = t**3 - 4*t**2 - 3. Let z(r) = 2*r**3 - 5*r**2 - 4. Let u = 14 + -16. Let w(k) = u*z(k) + 3*h(k). Give w(-3).
8
Let o(j) = j**2 + 5*j - 6. Suppose -4*h + 1 = 21. Determine o(h).
-6
Let g(b) = -b + 1. Let l be g(-5). Suppose -2*y + 5*y + l = 0. Let u(j) = 3*j + 3. What is u(y)?
-3
Let j(c) = -c**2 - 7*c - 6. Suppose 0 = -s + 1 + 2. Suppose 0 = -s*d - 11 - 10. Determine j(d).
-6
Let x be -1*(2 - 1) + 2. Let i = 3 - 1. Let q(s) = 2 - i + 6*s**2 - x - 6*s - s**3. Determine q(5).
-6
Let k(f) = -f - 9. Let x be k(-7). Let l be (x/4)/(5/(-20)). Let t(v) = v**2 + v + 1. Determine t(l).
7
Let m = 9 + -7. Suppose -1 - m = -3*x. Let b(w) = -4*w - 2. Let a(q) = -q - 1. Let g(v) = 3*a(v) - b(v). What is g(x)?
0
Let n(k) = -k**2 - 7*k - 2. Let a be (6/(-18))/((-2)/18). Let q be (a - -1) + -2 + -7. Give n(q).
8
Let x(m) = -m**2 - 1. Let i be ((-2)/(-4))/((-1)/(-8)). Let k(o) = o - 1. Let z(b) = i*k(b) - x(b). Calculate z(-4).
-3
Suppose 37*s = 41*s + 16. Let b(y) = -y**3 - 4*y**2 - 2*y - 4. Calculate b(s).
4
Let b(w) be the second derivative of w**3/6 + 11*w**2/2 + w. Let v(i) = 4*i**3 - 2*i**2 - 2*i - 1. Let g be v(-1). Give b(g).
6
Let q(k) = -k**3 + 4*k**2 + 2*k - 2. Let x = 7 - 8. Let p be 0 + (x - (-15)/3). What is q(p)?
6
Let r = -9 - -15. Let w(b) = -b**3 + b**2 - 6*b. Let d(o) = o**3 + 7*o - 1. Let k(q) = -5*d(q) - 6*w(q). Give k(r).
11
Suppose -4*z + z + 9 = 0. Let u(s) = 0 + s + 3*s + z*s**3 - 2*s + 1. Determine u(-1).
-4
Let k(h) = -h**2 - 4*h + 5. Let z be k(-5). Let d(v) be the first derivative of v**2/2 - 7*v - 4. Give d(z).
-7
Let d(p) = p - 2. Let r(i) = i**3 - 7*i**2 + 4*i + 4. Let c be r(6). Give d(c).
-10
Let h(s) = s + 6. Let m be h(0). Suppose -9 = 2*z + r - 4, 2*r = -m. Let y(n) = 4*n**3 + 1. Calculate y(z).
-3
Let f(a) be the first derivative of -a**2 + 7*a + 60. What is f(5)?
-3
Suppose 5*h - 3*n = 1 - 6, h = -2*n - 14. Let b be 4*((-2)/h + 0). Let l = -3 + b. Let i(s) = s + 1. Give i(l).
0
Let p(f) = f - 5. Let b be p(6). Let u = b + 4. Let c(k) = -k + 1 + u - 1. Calculate c(4).
1
Let t(d) be the second derivative of 3*d**2 + 1/20*d**5 + 0 + 3*d - 1/2*d**4 + 2/3*d**3. Let z(k) = -k. Let b be z(-5). Give t(b).
1
Let g(p) = p**3 + 2*p**2. Let r be g(-2). Let u(s) = 64 + 0*s**2 - 2*s**2 + s**2 - 61. Calculate u(r).
3
Let b(f) = -2*f - 1. Let z be (-1 - 1)/((-13)/26). What is b(z)?
-9
Let w(o) = -o**3 + 2*o**2 + 5*o - 3. Suppose 4*p + 62 - 2 = 0. Let t be (p/5)/(-2 - -1). Calculate w(t).
3
Let b(j) = j - 3*j + 1 + 6*j + 6. Determine b(-6).
-17
Let d(k) be the first derivative of k**4/4 + k**2/2 - 16*k + 7. Calculate d(0).
-16
Let x(t) = 7*t**2 + 2*t - 3. Let l(b) = 2*b**2. Let n(f) = -4*l(f) + x(f). Determine n(2).
-3
Let p(f) = -f**2 - 5*f + 3. Let v be ((-10)/8)/(1/(-4)). Suppose o = -a + 3 - v, 4*o = 3*a - 22. Let b be 5*(1 + (o - -2)). Determine p(b).
3
Let j(r) = -r - 7. Suppose 3*b + 0*b - 36 = 0. Let k = 7 - b. Determine j(k).
-2
Let n(a) = a**3 - 2*a**2 + 4*a - 3. Suppose 4*c + k + 13 + 12 = 0, k + 1 = 0. Let m = -6 - c. Suppose 4*g - 3*o - 8 = -8*o, m = -5*o. What is n(g)?
5
Let k(q) = -q**2 + 4*q + 2. Suppose -6*g = -3*g. Suppose -a + 3*x = x - 1, g = 2*x - 2. Suppose -z - 3*p = -p - 13, 0 = a*p - 12. Determine k(z).
-3
Let t(h) = h**2 - 4. Let a be 4/(-6) + (280/(-15))/(-4). Give t(a).
12
Let h(a) be the first derivative of -a**4/4 + 5*a**3/3 - 2*a**2 - 5*a - 56. Give h(4).
-5
Let a(j) = -j**2 - 7*j + 4. Let n be 12/42 - (-1 + 174/21). Calculate a(n).
4
Let m(z) be the first derivative of z**2/2 - 7*z - 31. Calculate m(5).
-2
Let k(d) = 8*d - 2*d + 5 - d - 4*d. Suppose 39 = 3*s + 3*o, 2*s - 5*s = -3*o - 21. Let v be 48/s - 1/(-5). Calculate k(v).
10
Let f(c) = 2 - c + 0*c - 8. Let a(p) = -p - 6. Let s(n) = 5*a(n) - 6*f(n). Suppose i + 4 = -4*h, i - 20 = 2*h + 6*i. Give s(h).
6
Let d(s) = 7*s**2 - 13*s - 2. Let o(t) = -8*t**2 + 14*t + 3. Let r(a) = -7*d(a) - 6*o(a). Give r(5).
6
Let m(d) = -d**3 + 8*d**2 - 11*d - 7. Let h be m(6). Let n(t) = 9*t + 5*t - 7*t. What is n(h)?
-7
Suppose 5*p + 6 + 4 = 0. Suppose 8*t - 13*t = -15. Let s(z) = 2 - 2*z**3 - 1 - 4*z - t*z**2 + 3*z. Determine s(p).
7
Let f(g) = -g**3 + g**2 + 2*g - 2. Let t = -12 - -6. Let r = -4 - t. Determine f(r).
-2
Let s(t) = 11*t**2 + 7*t**2 + 1 - t - 19*t**2 + 15*t**2. What is s(1)?
14
Let a(t) = -t**2 + t. Suppose -5*l + 15 = -2*l, -10 = -5*f - 4*l. Determine a(f).
-6
Let n(r) = r + 1. Let z = -11 - -6. Let d be (-3 + 1)/(2/(-4)). Let g = z + d. What is n(g)?
0
Suppose z = -3*x - 16, -5 = -z - 3*x + 7*x. Let s = 9 + z. Let t = s - 2. Let o(d) = d**2 - 6. Determine o(t).
-6
Let z be 2527/(-285) - 2/15. Let x(r) = -r**3 - 8*r**2 + 9*r + 5. Determine x(z).
5
Let b(h) = -h**3 - 6*h**2 - 5*h + 4. Let y be b(-5). Let m = 0 + 2. Let o(d) = 0*d - d - 4 + m. What is o(y)?
-6
Suppose -16 = 3*y - 5*y. Let i = y + -12. Let k(r) = -2 - 178*r + 175*r - 1. Determine k(i).
9
Let v = 1130/9 + -9019/72. Let i(m) be the third derivative of v*m**4 + 0 + 2*m**2 - 1/60*m**5 + 0*m - 5/6*m**3. Give i(5).
5
Let h = 3 + -4. Let r(s) = s**2 + 4*s - 2. Let u be r(-5). Let w(g) = 0 - g**u + 2*g**2 - 3*g**2 + g + 1. Give w(h).
0
Let a(l) = -l**3 - 6*l**2 - 4*l + 1. Let p be a(-5). Suppose 3*y + y = 3*i, -28 = 4*y + 4*i. Let z = p - y. Let f(g) = -6*g**2. Determine f(z).
-6
Let i(g) = 6*g - 3*g - 4*g. Calculate i(-5).
5
Let c(q) = -265 + 275 + 6*q**2 - q**2 - 9*q - 4*q**2. What is c(8)?
2
Let h(t) = t - 2*t**2 + 0 + 4 - 3. Let v(l) = -l + 3. Let k be v(5). Give h(k).
-9
Suppose -2*c = -z - 1, -4*z + 2*c - 4 = -0*c. Suppose 4*h - 2*t - 5 - 13 = 0, -2*t = h + 8. Let i(g) = -9*g + 3 - h + 2*g. Give i(z).
8
Let w(m) = -2*m + 4. Let d(z) = -2*z + 3. Let g(c) = -3*d(c) + 2*w(c). Let r(s) = -2*s. Let x be r(2). Calculate g(x).
-9
Let l(w) = w - 13. Let f be ((-16)/(-20))/((-4)/10). Let r be (-3 - f)*3*-2. Determine l(r).
-7
Suppose 0 = -3*l + 15, -3*v + 0*l - 16 = -2*l. Let b(w) = 5 - 2*w + 0 - w**2 - 3. Let r be b(v). Let j(u) = -u - 2. Give j(r).
-4
Let l(f) = -7*f**2 - f - 1. Let m be 7 + ((-2)/(-2) - 1). Let z(b) = 2*b - 9. Let k be z(6). Suppose k*u + m = 4. Give l(u).
-7
Let x(d) = 2*d**3 - 2*d**2 - d - 1. Suppose 3*o + 8 = -4. Let q(f) = -f - 2. Let r be q(o). Give x(r).
5
Let i(r)